culate the highest common factor of 70388976 and 48.
48
Calculate the highest common factor of 75 and 4548525.
75
Calculate the highest common divisor of 3115 and 301603645.
3115
Calculate the greatest common factor of 2524926 and 110038.
2974
Calculate the greatest common factor of 19 and 2755747.
1
What is the highest common divisor of 8 and 5082548?
4
What is the highest common factor of 8725 and 1843069?
349
What is the greatest common divisor of 368 and 465474?
46
Calculate the highest common divisor of 31652 and 2849452.
772
What is the highest common divisor of 62695186 and 8194?
482
What is the highest common factor of 21589605 and 1805?
1805
Calculate the highest common divisor of 34998 and 566466.
114
Calculate the highest common divisor of 367158346 and 158.
158
What is the highest common divisor of 16 and 656068784?
16
Calculate the greatest common divisor of 662548 and 400843.
73
What is the greatest common divisor of 132827885 and 255?
85
Calculate the greatest common factor of 4530 and 229230.
30
Calculate the greatest common divisor of 1885 and 3014260.
145
Calculate the highest common factor of 449508 and 558924.
564
Calculate the greatest common factor of 2462516 and 19096.
868
Calculate the greatest common divisor of 6202028 and 4508.
196
Calculate the highest common factor of 164292 and 1868.
4
What is the greatest common divisor of 36 and 464974614?
18
Calculate the highest common factor of 20772 and 1021632.
12
What is the highest common divisor of 304 and 1029698?
2
What is the greatest common divisor of 4926 and 11515346?
1642
Calculate the highest common divisor of 327500 and 208028.
524
Calculate the greatest common factor of 147419285 and 555.
185
What is the greatest common factor of 16238 and 7641391?
353
What is the highest common factor of 49 and 4407893?
49
Calculate the highest common divisor of 74767938 and 2550.
102
What is the greatest common factor of 217649 and 138851?
23
Calculate the greatest common divisor of 110044 and 2966678.
902
What is the greatest common factor of 1875 and 362150625?
1875
What is the highest common factor of 55128 and 186?
6
Calculate the highest common divisor of 5584 and 4096562.
698
What is the greatest common divisor of 48 and 603001428?
12
Calculate the greatest common factor of 8805 and 353515.
5
What is the greatest common divisor of 112942155 and 13491?
4497
Calculate the greatest common divisor of 17757389 and 403.
403
What is the greatest common factor of 255140 and 6400?
20
Calculate the highest common factor of 1279200 and 134004.
156
What is the greatest common factor of 28416 and 3936?
96
What is the highest common divisor of 3049664 and 11968?
1088
What is the greatest common factor of 4088128 and 528?
176
Calculate the greatest common divisor of 2070 and 323317440.
2070
What is the highest common divisor of 4212 and 600860?
52
What is the greatest common divisor of 1140156 and 98739?
1863
Calculate the greatest common divisor of 6647140 and 978.
326
Calculate the highest common divisor of 25318236 and 474.
474
Calculate the highest common factor of 2050 and 6119425.
25
Calculate the highest common divisor of 75 and 139341525.
75
What is the greatest common factor of 766 and 15071816?
766
What is the greatest common factor of 572 and 81438643?
143
What is the highest common divisor of 222604 and 27782?
58
Calculate the highest common divisor of 1849496 and 64.
8
What is the greatest common divisor of 114 and 10509166?
38
What is the highest common divisor of 164 and 36304?
4
Calculate the greatest common factor of 24738334 and 515.
103
What is the highest common divisor of 121 and 13192025?
121
What is the highest common divisor of 83439563 and 214?
107
Calculate the greatest common factor of 17 and 48782061.
17
Calculate the greatest common factor of 171 and 24956136.
9
Calculate the highest common factor of 849648 and 213156.
372
Calculate the highest common factor of 2961 and 968172975.
2961
Calculate the greatest common factor of 468 and 36974340.
468
What is the highest common divisor of 5649545 and 35695?
3245
What is the highest common factor of 46 and 69952522?
46
Calculate the greatest common factor of 277109008 and 11.
11
What is the greatest common divisor of 46676 and 84938?
14
What is the highest common factor of 22794 and 469626?
174
Calculate the greatest common divisor of 90064801 and 193.
193
What is the greatest common factor of 465267 and 1518?
759
Calculate the greatest common factor of 11000 and 1375528.
88
What is the greatest common divisor of 1548 and 3096258?
258
What is the greatest common divisor of 32 and 32104024?
8
Calculate the greatest common divisor of 8085 and 917455.
385
What is the greatest common divisor of 192052847 and 413?
413
What is the greatest common divisor of 766395 and 175?
35
Calculate the greatest common factor of 1206 and 19223037.
603
Calculate the highest common factor of 10000 and 2950.
50
What is the greatest common divisor of 299968137 and 487?
487
Calculate the highest common factor of 486167 and 5000215.
2519
Calculate the greatest common factor of 8701792 and 968.
88
Calculate the greatest common factor of 3866 and 15574181.
1933
Calculate the highest common factor of 96524 and 28433680.
1636
What is the greatest common divisor of 7384 and 2131136?
568
What is the highest common divisor of 746924 and 1019524?
5452
What is the highest common divisor of 250509 and 3318?
1659
Calculate the greatest common factor of 1152 and 121312764.
36
Calculate the greatest common factor of 212 and 58175927.
53
Calculate the highest common divisor of 225 and 451419030.
45
What is the greatest common divisor of 165801197 and 1087?
1087
What is the greatest common divisor of 30843648 and 4608?
2304
What is the greatest common factor of 863949232 and 7088?
7088
What is the highest common divisor of 5675887 and 269339?
2471
Calculate the highest common divisor of 8167800 and 2400.
600
Calculate the highest common divisor of 65900259 and 9.
9
What is the highest common factor of 9 and 9607239?
9
What is the greatest common factor of 24597442 and 2082?
694
Calculate the greatest common divisor of 296036 and 2808.
52
What is the greatest common factor of 8246740 and 820?
820
What is the greatest common divisor of 18493518 and 816?
102
Calculate the greatest common divisor of 9405201 and 2073.
2073
Calculate the greatest common divisor of 64 and 32880472.
8
Calculate the greatest common divisor of 1541 and 6254316.
67
What is the greatest common factor of 92114 and 24062?
106
What is the highest common factor of 124980080 and 111?
37
What is the greatest common divisor of 42 and 34287771?
21
Calculate the greatest common factor of 7777 and 1632463.
707
What is the highest common factor of 4559 and 308557?
97
What is the greatest common divisor of 3912 and 64111812?
1956
Calculate the greatest common factor of 581647 and 1538240.
4807
What is the highest common factor of 4040 and 11681330?
10
Calculate the highest common factor of 640 and 30038880.
160
What is the highest common divisor of 364 and 1301321?
7
Calculate the highest common divisor of 1873924060 and 20.
20
What is the highest common divisor of 194190589 and 67?
67
Calculate the highest common divisor of 7940 and 5016492.
1588
What is the greatest common factor of 5127 and 324?
3
Calculate the highest common divisor of 4059921 and 198843.
2517
What is the greatest common divisor of 27178 and 144780?
254
What is the highest common factor of 698 and 706440914?
698
Calculate the greatest common divisor of 103653888 and 104.
104
What is the highest common factor of 16836 and 46069?
23
What is the greatest common factor of 151148 and 7124804?
5212
Calculate the highest common divisor of 306955195 and 1877.
1877
Calculate the greatest common factor of 5709723 and 957.
87
What is the greatest common divisor of 37284 and 28011756?
2868
What is the highest common factor of 18430 and 48694?
194
Calculate the greatest common divisor of 92393 and 360707.
197
Calculate the greatest common divisor of 64512 and 12306.
42
What is the highest common divisor of 5109012 and 11484?
36
Calculate the greatest common divisor of 112 and 11215288.
56
Calculate the highest common factor of 125